2390 is divided by j.
30
Let w = -86 + 122. Suppose 13*j = 19*j - w. What is the remainder when 16*((-222)/18)/((-8)/j) is divided by 15?
13
Let b(f) = -22*f**2 - 28*f - 23*f + 50*f + 34 + f**3. What is the remainder when 71 is divided by b(22)?
11
Let i(u) = 4*u - 7. Let w be (21 - 24)*197/2*-2. Suppose w - 771 = -6*b. What is the remainder when b is divided by i(6)?
13
Let r be ((-205)/15 - -5)/((-4)/6). Suppose 2*x - 1 = 7. Calculate the remainder when 1/1*195/r is divided by x.
3
Suppose 88*h = 272*h - 24472. Calculate the remainder when 401 is divided by h.
2
What is the remainder when 645 is divided by 44/(-8)*2736/(-1254)?
9
Suppose 0 = -2*b + 4*f + 4, 2*b + 3*b = -5*f + 55. Suppose 121 = 3*j - 20. Calculate the remainder when j is divided by b.
7
Let x = -178 - -207. Suppose -30*m = -i - x*m + 192, -5*m = -2*i + 390. Calculate the remainder when i is divided by 48.
46
Let a(q) = 10*q**3 - 4*q**2 + 5*q - 5. Let o(g) = 33*g**3 - g**2 + 4*g - 7. Calculate the remainder when o(2) is divided by a(2).
54
Let n = -27666 + 28289. Calculate the remainder when 660 is divided by n.
37
Suppose 4*r - 78 = 2*r. Calculate the remainder when r is divided by (-11)/((-264)/72)*(11/3)/1.
6
Suppose -7*b + 12766 = -3978. Suppose 21*v = -2*v + b. Calculate the remainder when v is divided by 9.
5
Let u(h) = 2093*h**3 - h**2 - 258*h + 258. What is the remainder when u(1) is divided by 84?
76
Let x(v) = 4*v**3 - 4*v**2 - 3*v + 1087. What is the remainder when x(0) is divided by 45?
7
Let t = 2033 + -2002. Calculate the remainder when 94 is divided by t.
1
Suppose 187*j = 154383 + 96571. Calculate the remainder when j is divided by 32.
30
Calculate the remainder when 547 is divided by (-4)/14 + 3/((-13)/(4602/(-42))).
22
Suppose 4*g + 3*c = 66, g - 29*c - 23 = -33*c. What is the remainder when g is divided by 1?
0
Suppose -2*v - 30 = -4*p, p + 5*v - 14 = 10. Let n be (-3)/((p/(-42))/1). Suppose -100 = -n*b + 10*b. Calculate the remainder when 148 is divided by b.
23
Let p(z) = 8*z + 2. Let t be p(-3). Let d(q) = -q**3 + 10*q**2 + 57*q - 48. Let r be d(14). Let a = t - r. What is the remainder when 57 is divided by a?
9
Let m(k) = 2*k**3 - 78*k**2 - 71*k - 99. What is the remainder when 529 is divided by m(40)?
7
Let b = -99 + 122. Suppose -20*u = -b*u + 6. What is the remainder when (u - -1)*335/15 is divided by 7?
4
Suppose 0 = 687*a - 164491 - 601514. What is the remainder when a is divided by 18?
17
Let h(l) = -l**2 + 14*l + 18. Let b be h(15). Suppose u = b*f - 57, -5*f + 2*u - 5*u + 95 = 0. What is the remainder when f is divided by 1?
0
Let n = -169 - -118. Let z = n - -68. Suppose 43*i - 192 = 39*i - j, 240 = 5*i - 2*j. What is the remainder when i is divided by z?
14
Let z = -5910 + 14477. What is the remainder when z is divided by 19?
17
Suppose -3*k = 36 - 45. Suppose k*w = -3*p + p + 38, 3*w - 95 = -5*p. Calculate the remainder when (414/54)/((-1)/(-12)) is divided by p.
16
Let s(l) = -7*l**3 - 592*l**2 + 248*l - 117. What is the remainder when s(-85) is divided by 100?
78
Let a = -58 + 52. What is the remainder when (6/(a/(-91)))/((-14)/(-42)) is divided by 46?
43
Suppose -8*j + 324 = -5*j + t, 2*j - 230 = 4*t. Calculate the remainder when 243 is divided by j.
25
Suppose -11*w - 6*w = 21*w - 1026. What is the remainder when 200 is divided by w?
11
Let i(c) = c**2 - 27*c - 53. Calculate the remainder when 735 is divided by i(30).
32
Let s = 54 - 33. Suppose 308*k + 185*k = 394*k + 7524. What is the remainder when k is divided by s?
13
What is the remainder when 1486 is divided by (-2)/4*(-43)/(-2)*-20?
196
Let s(b) = -2*b**3 - 6*b**2 - 2*b + 1. Let y = -207188 - -207342. Calculate the remainder when y is divided by s(-4).
31
Suppose 5*q = 3*s + 3486, q + 5*s + 67 - 781 = 0. What is the remainder when q is divided by 47?
41
Suppose 2*t - 5 - 23 = -3*v, 0 = -4*t + 3*v + 110. Let j(g) = g - 147. Let q be j(0). Let s = -80 - q. Calculate the remainder when s is divided by t.
21
Suppose 41*l = 37*l + 260. Suppose l = 5*x - 4*i, -5*x - 3*i + 24 + 6 = 0. Calculate the remainder when x is divided by 6.
3
Let p be 88 - ((-2 - -1) + 2). Let c = 113 - p. Let l(g) = 20*g**2 - g + 3. What is the remainder when l(3) is divided by c?
24
Let k = 677 - 643. Calculate the remainder when 353 is divided by (-6)/(6/(-1))*(k + -4).
23
Let x = -3471 - -3487. Calculate the remainder when 2975 is divided by x.
15
Let r = 12308 + -11452. What is the remainder when r is divided by 272?
40
Let s(z) = -61*z**3 - 3*z**2 + 52 - 52*z**3 - 51. Suppose -56*l = -55*l - 19. Calculate the remainder when s(-1) is divided by l.
16
Suppose -323 = -9*v + 433. Suppose 5*o - v = 2*o. Calculate the remainder when o is divided by 4.
0
Let n = 122 - -118. Suppose -40*h = -25*h - 195. Suppose h*o - 150 - n = 0. What is the remainder when o is divided by 17?
13
Let y = 19 + -3. Suppose -13 = i - 42. Calculate the remainder when i is divided by y.
13
Let q(k) = -141*k - 5. Let t be q(-2). Suppose t = 5*r - 83. Suppose -4*l + r = -l - b, l + 3*b = 14. Calculate the remainder when l is divided by 6.
5
Let f = -4179 - -2169. Let h = f + 2878. Calculate the remainder when h/18 - (-22)/(-99) is divided by 17.
14
Let r = -7192 - -7993. What is the remainder when r is divided by 17?
2
Suppose -68 = 4*r + 13*r. Calculate the remainder when 275 is divided by 54 + 3 + 3 + r.
51
Suppose 5*a - 5*i = 119 + 6, -3*a + 75 = 5*i. Calculate the remainder when 196 is divided by a.
21
What is the remainder when 370 is divided by (90 - 92) + (2 - -1) + 37*1?
28
Let s be (-19)/38*(0 + 1 + -75). Suppose 20 = 42*h - s*h. Suppose a - 100 = -5*q, -4*a + 188 = -2*a + h*q. What is the remainder when a is divided by 33?
24
Suppose 2*f - 13 = -l, l + 8*f + 2 = 9*f. Suppose -l*a + 11 = -22. What is the remainder when 95 is divided by a?
7
Let t(n) = 11*n + 289. Let c be t(-24). Let l(v) = 7*v**2 - 3*v + 6. Let s be l(4). Let i = s - c. What is the remainder when i is divided by 28?
25
Let c(j) = -2*j + 8. Let w be c(7). Let h(v) = v**3 + 5*v**2 - 7*v. What is the remainder when (-1617)/(-165) + ((-1)/(-15))/(6/18) is divided by h(w)?
4
Let r = -101 - -104. Suppose -198 - 319 = 5*j - 2*g, r*j = 4*g - 313. Let b = 106 + j. Calculate the remainder when 11 is divided by b.
2
Suppose 5*i = 4*i - 249. Let s be -2 - (7 + -4) - -361. Let a = s + i. Calculate the remainder when a is divided by 12.
11
Suppose 0 = -4*r + 4*h + 2296, -7*r = -37*h + 40*h - 4038. What is the remainder when r is divided by 64?
0
Calculate the remainder when (((-8)/(-18))/(1/(-165)))/(350/(-525)) is divided by 63.
47
Let f(q) = 12*q + 100. Let l be f(-8). Suppose w = l*a + 128, 0 = 4*w + 4*a - 337 - 215. Calculate the remainder when w is divided by 6.
4
Let g(s) = 36*s**2 - 38*s + 14. What is the remainder when g(-2) is divided by 214?
20
Let p(i) be the third derivative of i**2 + 1/120*i**6 - 29/24*i**4 + 0 + 7/6*i**3 + 0*i - 13/60*i**5. Calculate the remainder when 131 is divided by p(15).
21
Let q = 37 - 31. Suppose 94 = q*g - 8. Suppose t = g + 8. What is the remainder when t is divided by 13?
12
Suppose 0 = 82*s - 148*s + 4686. Calculate the remainder when 153 is divided by s.
11
Let n(d) = 25*d + 5. Suppose 10 = 2*p + 4. What is the remainder when n(p) is divided by ((-172)/(-6) - 0) + 4/(-6)?
24
Let s = -2834 - -3730. What is the remainder when s is divided by 23?
22
Let s(l) be the first derivative of -6*l**2 + 12*l - 1318. Suppose -5*b = 18 - 3. Calculate the remainder when 143 is divided by s(b).
47
Let i be 4/(-12)*-3 - -5. Suppose -348 = -i*a - 132. Calculate the remainder when 106 is divided by a.
34
Suppose 4*l - 2*k - 2100 = 0, 5*k - 2043 = -5*l + 612. Let d(o) = 14*o + 143. What is the remainder when l is divided by d(-6)?
55
Let v = -94 - -98. What is the remainder when 1410 is divided by v?
2
Let b = 34982 - 34900. Calculate the remainder when 679 is divided by b.
23
Suppose 3*g + 1 = 10. Suppose -2237 = -15*m + 2263. Let s = -276 + m. What is the remainder when s is divided by g?
0
Suppose -3*b - 22 = 104. Suppose -x = 2*w, -5*w + 10*w - 4 = -2*x. What is the remainder when (3 + b)*x/12 is divided by 4?
2
Let k(n) = 4*n**2 + 14*n + 27. Let l(v) = 7*v**2 + 28*v + 53. Let j(r) = 5*k(r) - 2*l(r). Calculate the remainder when j(-3) is divide